{"id":30,"date":"2015-06-07T14:25:56","date_gmt":"2015-06-07T12:25:56","guid":{"rendered":"http:\/\/www.alia-institut.de\/wordpress\/?page_id=30"},"modified":"2018-05-29T09:20:50","modified_gmt":"2018-05-29T07:20:50","slug":"adresse","status":"publish","type":"page","link":"http:\/\/www.alia-institut.de\/wordpress\/adresse\/","title":{"rendered":"Adresse"},"content":{"rendered":"<h3>Adresse<\/h3>\n<p>Alia Institut f\u00fcr individuelles Lernen, Flotowstra\u00dfe 23, 22083 Hamburg<br \/>\nTel: 040 419 29 785, Fax: 040 419 29 786, Email: info@alia-institut.de<\/p>\n<p>Leitung und Gesch\u00e4ftsf\u00fchrung: Bettina Lechten, Lerntherapeutin BVL, staatlich anerkannte Logop\u00e4din<\/p>\n<p><a href=\"http:\/\/www.alia-institut.de\/wordpress\/wp-content\/uploads\/2015\/06\/Adresse.gif\"><img loading=\"lazy\" decoding=\"async\" class=\"alignnone wp-image-4 size-full\" src=\"http:\/\/www.alia-institut.de\/wordpress\/wp-content\/uploads\/2015\/06\/Adresse.gif\" alt=\"Adresse\" width=\"499\" height=\"505\" \/><\/a><\/p>\n","protected":false},"excerpt":{"rendered":"<p>Adresse Alia Institut f\u00fcr individuelles Lernen, Flotowstra\u00dfe 23, 22083 Hamburg Tel: 040 419 29 785, Fax: 040 419 29 786, Email: info@alia-institut.de Leitung und Gesch\u00e4ftsf\u00fchrung: Bettina Lechten, Lerntherapeutin BVL, staatlich anerkannte Logop\u00e4din<\/p>\n","protected":false},"author":1,"featured_media":0,"parent":0,"menu_order":9,"comment_status":"closed","ping_status":"closed","template":"","meta":{"footnotes":""},"class_list":["post-30","page","type-page","status-publish","hentry","column","threecol"],"_links":{"self":[{"href":"http:\/\/www.alia-institut.de\/wordpress\/wp-json\/wp\/v2\/pages\/30","targetHints":{"allow":["GET"]}}],"collection":[{"href":"http:\/\/www.alia-institut.de\/wordpress\/wp-json\/wp\/v2\/pages"}],"about":[{"href":"http:\/\/www.alia-institut.de\/wordpress\/wp-json\/wp\/v2\/types\/page"}],"author":[{"embeddable":true,"href":"http:\/\/www.alia-institut.de\/wordpress\/wp-json\/wp\/v2\/users\/1"}],"replies":[{"embeddable":true,"href":"http:\/\/www.alia-institut.de\/wordpress\/wp-json\/wp\/v2\/comments?post=30"}],"version-history":[{"count":8,"href":"http:\/\/www.alia-institut.de\/wordpress\/wp-json\/wp\/v2\/pages\/30\/revisions"}],"predecessor-version":[{"id":447,"href":"http:\/\/www.alia-institut.de\/wordpress\/wp-json\/wp\/v2\/pages\/30\/revisions\/447"}],"wp:attachment":[{"href":"http:\/\/www.alia-institut.de\/wordpress\/wp-json\/wp\/v2\/media?parent=30"}],"curies":[{"name":"wp","href":"https:\/\/api.w.org\/{rel}","templated":true}]}}