{"id":305,"date":"2017-11-09T18:11:56","date_gmt":"2017-11-09T17:11:56","guid":{"rendered":"http:\/\/www.alia-institut.de\/wordpress\/?page_id=305"},"modified":"2018-05-28T08:43:54","modified_gmt":"2018-05-28T06:43:54","slug":"stimm-und-sprechtraining","status":"publish","type":"page","link":"http:\/\/www.alia-institut.de\/wordpress\/stimm-und-sprechtraining\/","title":{"rendered":"Stimm-und Sprechtraining"},"content":{"rendered":"<h3>Bettina Lechten. Logop\u00e4din. Stimmbildnerin. Lerntherapeutin.<\/h3>\n<p><a href=\"http:\/\/www.alia-institut.de\/wordpress\/wp-content\/uploads\/2017\/11\/BL2\u252c\u00aeanjapaap201702.jpg\"><img loading=\"lazy\" decoding=\"async\" class=\"alignnone size-medium wp-image-327\" src=\"http:\/\/www.alia-institut.de\/wordpress\/wp-content\/uploads\/2017\/11\/BL2\u252c\u00aeanjapaap201702-200x300.jpg\" alt=\"\" width=\"200\" height=\"300\" srcset=\"http:\/\/www.alia-institut.de\/wordpress\/wp-content\/uploads\/2017\/11\/BL2\u252c\u00aeanjapaap201702-200x300.jpg 200w, http:\/\/www.alia-institut.de\/wordpress\/wp-content\/uploads\/2017\/11\/BL2\u252c\u00aeanjapaap201702-768x1152.jpg 768w, http:\/\/www.alia-institut.de\/wordpress\/wp-content\/uploads\/2017\/11\/BL2\u252c\u00aeanjapaap201702-683x1024.jpg 683w, http:\/\/www.alia-institut.de\/wordpress\/wp-content\/uploads\/2017\/11\/BL2\u252c\u00aeanjapaap201702-700x1050.jpg 700w, http:\/\/www.alia-institut.de\/wordpress\/wp-content\/uploads\/2017\/11\/BL2\u252c\u00aeanjapaap201702-332x498.jpg 332w, http:\/\/www.alia-institut.de\/wordpress\/wp-content\/uploads\/2017\/11\/BL2\u252c\u00aeanjapaap201702.jpg 1417w\" sizes=\"auto, (max-width: 200px) 100vw, 200px\" \/><\/a><a href=\"http:\/\/www.alia-institut.de\/wordpress\/wp-content\/uploads\/2017\/11\/BL2\u252c\u00aeanjapaap201704-1.jpg\"><img loading=\"lazy\" decoding=\"async\" class=\"alignnone size-medium wp-image-325\" src=\"http:\/\/www.alia-institut.de\/wordpress\/wp-content\/uploads\/2017\/11\/BL2\u252c\u00aeanjapaap201704-1-200x300.jpg\" alt=\"\" width=\"200\" height=\"300\" srcset=\"http:\/\/www.alia-institut.de\/wordpress\/wp-content\/uploads\/2017\/11\/BL2\u252c\u00aeanjapaap201704-1-200x300.jpg 200w, http:\/\/www.alia-institut.de\/wordpress\/wp-content\/uploads\/2017\/11\/BL2\u252c\u00aeanjapaap201704-1-768x1152.jpg 768w, http:\/\/www.alia-institut.de\/wordpress\/wp-content\/uploads\/2017\/11\/BL2\u252c\u00aeanjapaap201704-1-683x1024.jpg 683w, http:\/\/www.alia-institut.de\/wordpress\/wp-content\/uploads\/2017\/11\/BL2\u252c\u00aeanjapaap201704-1-700x1050.jpg 700w, http:\/\/www.alia-institut.de\/wordpress\/wp-content\/uploads\/2017\/11\/BL2\u252c\u00aeanjapaap201704-1-332x498.jpg 332w, http:\/\/www.alia-institut.de\/wordpress\/wp-content\/uploads\/2017\/11\/BL2\u252c\u00aeanjapaap201704-1.jpg 1417w\" sizes=\"auto, (max-width: 200px) 100vw, 200px\" \/><\/a><a href=\"http:\/\/www.alia-institut.de\/wordpress\/wp-content\/uploads\/2017\/11\/BL2\u252c\u00aeanjapaap201706.jpg\"><img loading=\"lazy\" decoding=\"async\" class=\"alignnone size-medium wp-image-316\" src=\"http:\/\/www.alia-institut.de\/wordpress\/wp-content\/uploads\/2017\/11\/BL2\u252c\u00aeanjapaap201706-200x300.jpg\" alt=\"\" width=\"200\" height=\"300\" srcset=\"http:\/\/www.alia-institut.de\/wordpress\/wp-content\/uploads\/2017\/11\/BL2\u252c\u00aeanjapaap201706-200x300.jpg 200w, http:\/\/www.alia-institut.de\/wordpress\/wp-content\/uploads\/2017\/11\/BL2\u252c\u00aeanjapaap201706-768x1152.jpg 768w, http:\/\/www.alia-institut.de\/wordpress\/wp-content\/uploads\/2017\/11\/BL2\u252c\u00aeanjapaap201706-683x1024.jpg 683w, http:\/\/www.alia-institut.de\/wordpress\/wp-content\/uploads\/2017\/11\/BL2\u252c\u00aeanjapaap201706-700x1050.jpg 700w, http:\/\/www.alia-institut.de\/wordpress\/wp-content\/uploads\/2017\/11\/BL2\u252c\u00aeanjapaap201706-332x498.jpg 332w, http:\/\/www.alia-institut.de\/wordpress\/wp-content\/uploads\/2017\/11\/BL2\u252c\u00aeanjapaap201706.jpg 1417w\" sizes=\"auto, (max-width: 200px) 100vw, 200px\" \/><\/a><a href=\"http:\/\/www.alia-institut.de\/wordpress\/wp-content\/uploads\/2017\/11\/BL2\u252c\u00aeanjapaap201708.jpg\"><img loading=\"lazy\" decoding=\"async\" class=\"alignnone size-medium wp-image-329\" src=\"http:\/\/www.alia-institut.de\/wordpress\/wp-content\/uploads\/2017\/11\/BL2\u252c\u00aeanjapaap201708-200x300.jpg\" alt=\"\" width=\"200\" height=\"300\" srcset=\"http:\/\/www.alia-institut.de\/wordpress\/wp-content\/uploads\/2017\/11\/BL2\u252c\u00aeanjapaap201708-200x300.jpg 200w, http:\/\/www.alia-institut.de\/wordpress\/wp-content\/uploads\/2017\/11\/BL2\u252c\u00aeanjapaap201708-768x1152.jpg 768w, http:\/\/www.alia-institut.de\/wordpress\/wp-content\/uploads\/2017\/11\/BL2\u252c\u00aeanjapaap201708-683x1024.jpg 683w, http:\/\/www.alia-institut.de\/wordpress\/wp-content\/uploads\/2017\/11\/BL2\u252c\u00aeanjapaap201708-700x1050.jpg 700w, http:\/\/www.alia-institut.de\/wordpress\/wp-content\/uploads\/2017\/11\/BL2\u252c\u00aeanjapaap201708-332x498.jpg 332w, http:\/\/www.alia-institut.de\/wordpress\/wp-content\/uploads\/2017\/11\/BL2\u252c\u00aeanjapaap201708.jpg 1417w\" sizes=\"auto, (max-width: 200px) 100vw, 200px\" \/><\/a><\/p>\n<p>Meine jahrelangen Erfahrungen als S\u00e4ngerin in einem Gesangs Quartett, als Mezzosopranistin sowie als Amateurschauspielerin in diversen Improvisationstheatergruppen tragen in meinem Beruf dazu bei, dass ich eine breite Methodenvielfalt anbieten kann.<\/p>\n<ul>\n<li>Stimm- und Sprechtraining f\u00fcr Menschen in Sprechberufen<\/li>\n<li>Einzelstimmbildung<\/li>\n<li>Stimmbildung, bzw. Einsingen f\u00fcr Ch\u00f6re<\/li>\n<li>Sprachentwicklung, Sprachentwicklungsverz\u00f6gerungen<br \/>\n( Spielerische Sprachf\u00f6rderung im Unterricht)<\/li>\n<\/ul>\n","protected":false},"excerpt":{"rendered":"<p>Bettina Lechten. Logop\u00e4din. Stimmbildnerin. Lerntherapeutin. Meine jahrelangen Erfahrungen als S\u00e4ngerin in einem Gesangs Quartett, als Mezzosopranistin sowie als Amateurschauspielerin in diversen Improvisationstheatergruppen tragen in meinem Beruf dazu bei, dass ich eine breite Methodenvielfalt anbieten kann. Stimm- und Sprechtraining f\u00fcr Menschen in Sprechberufen Einzelstimmbildung Stimmbildung, bzw. Einsingen f\u00fcr Ch\u00f6re Sprachentwicklung, Sprachentwicklungsverz\u00f6gerungen &#8230;<\/p>\n","protected":false},"author":1,"featured_media":0,"parent":0,"menu_order":2,"comment_status":"closed","ping_status":"closed","template":"","meta":{"footnotes":""},"class_list":["post-305","page","type-page","status-publish","hentry","column","threecol"],"_links":{"self":[{"href":"http:\/\/www.alia-institut.de\/wordpress\/wp-json\/wp\/v2\/pages\/305","targetHints":{"allow":["GET"]}}],"collection":[{"href":"http:\/\/www.alia-institut.de\/wordpress\/wp-json\/wp\/v2\/pages"}],"about":[{"href":"http:\/\/www.alia-institut.de\/wordpress\/wp-json\/wp\/v2\/types\/page"}],"author":[{"embeddable":true,"href":"http:\/\/www.alia-institut.de\/wordpress\/wp-json\/wp\/v2\/users\/1"}],"replies":[{"embeddable":true,"href":"http:\/\/www.alia-institut.de\/wordpress\/wp-json\/wp\/v2\/comments?post=305"}],"version-history":[{"count":11,"href":"http:\/\/www.alia-institut.de\/wordpress\/wp-json\/wp\/v2\/pages\/305\/revisions"}],"predecessor-version":[{"id":429,"href":"http:\/\/www.alia-institut.de\/wordpress\/wp-json\/wp\/v2\/pages\/305\/revisions\/429"}],"wp:attachment":[{"href":"http:\/\/www.alia-institut.de\/wordpress\/wp-json\/wp\/v2\/media?parent=305"}],"curies":[{"name":"wp","href":"https:\/\/api.w.org\/{rel}","templated":true}]}}