{"id":38,"date":"2015-06-07T14:26:55","date_gmt":"2015-06-07T12:26:55","guid":{"rendered":"http:\/\/www.alia-institut.de\/wordpress\/?page_id=38"},"modified":"2023-07-14T09:45:53","modified_gmt":"2023-07-14T07:45:53","slug":"ueber-uns","status":"publish","type":"page","link":"http:\/\/www.alia-institut.de\/wordpress\/ueber-uns\/","title":{"rendered":"\u00dcber uns"},"content":{"rendered":"<h3>\u00dcber uns<\/h3>\n<p><strong><a href=\"http:\/\/www.alia-institut.de\/wordpress\/wp-content\/uploads\/2015\/06\/05BL\u00a9anjapaap_WEB.jpg\"><img loading=\"lazy\" decoding=\"async\" class=\"alignnone wp-image-216\" src=\"http:\/\/www.alia-institut.de\/wordpress\/wp-content\/uploads\/2015\/06\/05BL\u00a9anjapaap_WEB-300x300.jpg\" alt=\"\" width=\"283\" height=\"283\" srcset=\"http:\/\/www.alia-institut.de\/wordpress\/wp-content\/uploads\/2015\/06\/05BL\u00a9anjapaap_WEB-300x300.jpg 300w, http:\/\/www.alia-institut.de\/wordpress\/wp-content\/uploads\/2015\/06\/05BL\u00a9anjapaap_WEB-150x150.jpg 150w, http:\/\/www.alia-institut.de\/wordpress\/wp-content\/uploads\/2015\/06\/05BL\u00a9anjapaap_WEB-768x768.jpg 768w, http:\/\/www.alia-institut.de\/wordpress\/wp-content\/uploads\/2015\/06\/05BL\u00a9anjapaap_WEB-1024x1024.jpg 1024w, http:\/\/www.alia-institut.de\/wordpress\/wp-content\/uploads\/2015\/06\/05BL\u00a9anjapaap_WEB-700x700.jpg 700w, http:\/\/www.alia-institut.de\/wordpress\/wp-content\/uploads\/2015\/06\/05BL\u00a9anjapaap_WEB-332x332.jpg 332w, http:\/\/www.alia-institut.de\/wordpress\/wp-content\/uploads\/2015\/06\/05BL\u00a9anjapaap_WEB-432x432.jpg 432w, http:\/\/www.alia-institut.de\/wordpress\/wp-content\/uploads\/2015\/06\/05BL\u00a9anjapaap_WEB-268x268.jpg 268w\" sizes=\"auto, (max-width: 283px) 100vw, 283px\" \/><\/a>\u00a0 \u00a0 <\/strong><\/p>\n<p><strong>Bettina Lechten;<\/strong> Lerntherapeutin FIL, BVL<br \/>\nStaatlich anerkannte Logop\u00e4din, Stimmbildung und Sprechtraining; Leitung und Gesch\u00e4ftsf\u00fchrung<\/p>\n<p>&nbsp;<\/p>\n<p><!-- <a href=\"http:\/\/www.alia-institut.de\/wordpress\/wp-content\/uploads\/2015\/09\/Ahrens.jpg\"><img loading=\"lazy\" decoding=\"async\" class=\" wp-image-154 alignleft\" src=\"http:\/\/www.alia-institut.de\/wordpress\/wp-content\/uploads\/2015\/09\/Ahrens-200x300.jpg\" alt=\"Ahrens\" width=\"251\" height=\"371\" \/><\/a>\n\n&nbsp;\n\n&nbsp;\n\n&nbsp;\n\n&nbsp;\n\n&nbsp;\n\n&nbsp;\n\n&nbsp;\n\n&nbsp;\n\n&nbsp;\n\n<strong>Katharina Ahrens;<\/strong> Studium der Sozialp\u00e4dagogik, Lerntherapeutin mit den Schwerpunkten, Dyskalkulie und Dyslexie, Kinder- Jugend- und Familiencoaching, Entspannungstraining, Konzentrationstraining, Reiki\n\n&nbsp;\n\n<a href=\"http:\/\/www.alia-institut.de\/wordpress\/wp-content\/uploads\/2015\/06\/01AZ\u00a9anjapaap_WEB.jpg\"><img loading=\"lazy\" decoding=\"async\" class=\"alignnone size-medium wp-image-374\" src=\"http:\/\/www.alia-institut.de\/wordpress\/wp-content\/uploads\/2015\/06\/01AZ\u00a9anjapaap_WEB-300x300.jpg\" alt=\"\" width=\"300\" height=\"300\" \/><\/a>\n\n<strong>Anne Zuse;<\/strong>\u00a0<span style=\"font-family: Arial, serif;\">Diplom- Sozialarbeiterin\/-p\u00e4dagogin;\u00a0Lerntherapeutin, Kreisel eV, BVL, FIL\u00a0mit den Schwerpunkten Dyslexie und Dyskalkulie<\/span>\n\n\n<p class=\"western\">Aufgrund meiner langj\u00e4hrigen Arbeit als Sozialp\u00e4dagogin im Hamburger Schuldienst mit dem Schwerpunkt in der Inklusion, bin ich in vielf\u00e4ltiger Weise damit befasst, wie ich unterschiedlichste Kinder in ihrer Entwicklung und im Lernen begleiten und f\u00f6rdern kann.<\/p>\n\n\n\n\n<p class=\"western\"><span style=\"font-family: Arial, serif;\">Seit Ende 2015 im Alia- Institut als Lerntherapeutin t\u00e4tig.<\/span><\/p>\n\n\n<strong>Alle Lerntherapeutinnen haben die Anerkennung durch das ReBBZ und d\u00fcrfen AUL- Ma\u00dfnahmen durchf\u00fchren.<\/strong>\n\n\n<h5 class=\"western\"><\/h5>\n\n --><\/p>\n","protected":false},"excerpt":{"rendered":"<p>\u00dcber uns \u00a0 \u00a0 Bettina Lechten; Lerntherapeutin FIL, BVL Staatlich anerkannte Logop\u00e4din, Stimmbildung und Sprechtraining; Leitung und Gesch\u00e4ftsf\u00fchrung &nbsp;<\/p>\n","protected":false},"author":1,"featured_media":0,"parent":0,"menu_order":5,"comment_status":"closed","ping_status":"closed","template":"","meta":{"footnotes":""},"class_list":["post-38","page","type-page","status-publish","hentry","column","threecol"],"_links":{"self":[{"href":"http:\/\/www.alia-institut.de\/wordpress\/wp-json\/wp\/v2\/pages\/38","targetHints":{"allow":["GET"]}}],"collection":[{"href":"http:\/\/www.alia-institut.de\/wordpress\/wp-json\/wp\/v2\/pages"}],"about":[{"href":"http:\/\/www.alia-institut.de\/wordpress\/wp-json\/wp\/v2\/types\/page"}],"author":[{"embeddable":true,"href":"http:\/\/www.alia-institut.de\/wordpress\/wp-json\/wp\/v2\/users\/1"}],"replies":[{"embeddable":true,"href":"http:\/\/www.alia-institut.de\/wordpress\/wp-json\/wp\/v2\/comments?post=38"}],"version-history":[{"count":45,"href":"http:\/\/www.alia-institut.de\/wordpress\/wp-json\/wp\/v2\/pages\/38\/revisions"}],"predecessor-version":[{"id":471,"href":"http:\/\/www.alia-institut.de\/wordpress\/wp-json\/wp\/v2\/pages\/38\/revisions\/471"}],"wp:attachment":[{"href":"http:\/\/www.alia-institut.de\/wordpress\/wp-json\/wp\/v2\/media?parent=38"}],"curies":[{"name":"wp","href":"https:\/\/api.w.org\/{rel}","templated":true}]}}