{"id":56,"date":"2015-06-07T14:30:47","date_gmt":"2015-06-07T12:30:47","guid":{"rendered":"http:\/\/www.alia-institut.de\/wordpress\/?page_id=56"},"modified":"2018-05-29T09:21:18","modified_gmt":"2018-05-29T07:21:18","slug":"impressum","status":"publish","type":"page","link":"http:\/\/www.alia-institut.de\/wordpress\/impressum\/","title":{"rendered":"Impressum"},"content":{"rendered":"<h3>Impressum<\/h3>\n<p>Alia Institut f\u00fcr individuelles Lernen, Flotowstra\u00dfe 23, 22083 Hamburg<br \/>\nTel: 040 419 29 785, Fax: 040 419 29 786, Email: <a href=\"mailto:info@alia-institut.de\">info@alia-institut.de<\/a><\/p>\n<p>Leitung und Gesch\u00e4ftsf\u00fchrung: Bettina Lechten, Lerntherapeutin BVL, staatlich anerkannte Logop\u00e4din<\/p>\n<p>Gegr\u00fcndet von Dipl.-P\u00e4d. Elke Zercher, Lerntherapeutin FIL, BVL<\/p>\n<p>Gesellschaftsform: Einzelunternehmen<br \/>\nSteuernummer: 43\/601\/01792<br \/>\nFinanzamt Hamburg Barmbek\/Uhlenhorst<\/p>\n","protected":false},"excerpt":{"rendered":"<p>Impressum Alia Institut f\u00fcr individuelles Lernen, Flotowstra\u00dfe 23, 22083 Hamburg Tel: 040 419 29 785, Fax: 040 419 29 786, Email: info@alia-institut.de Leitung und Gesch\u00e4ftsf\u00fchrung: Bettina Lechten, Lerntherapeutin BVL, staatlich anerkannte Logop\u00e4din Gegr\u00fcndet von Dipl.-P\u00e4d. Elke Zercher, Lerntherapeutin FIL, BVL Gesellschaftsform: Einzelunternehmen Steuernummer: 43\/601\/01792 Finanzamt Hamburg Barmbek\/Uhlenhorst<\/p>\n","protected":false},"author":1,"featured_media":0,"parent":0,"menu_order":10,"comment_status":"closed","ping_status":"closed","template":"","meta":{"footnotes":""},"class_list":["post-56","page","type-page","status-publish","hentry","column","threecol"],"_links":{"self":[{"href":"http:\/\/www.alia-institut.de\/wordpress\/wp-json\/wp\/v2\/pages\/56","targetHints":{"allow":["GET"]}}],"collection":[{"href":"http:\/\/www.alia-institut.de\/wordpress\/wp-json\/wp\/v2\/pages"}],"about":[{"href":"http:\/\/www.alia-institut.de\/wordpress\/wp-json\/wp\/v2\/types\/page"}],"author":[{"embeddable":true,"href":"http:\/\/www.alia-institut.de\/wordpress\/wp-json\/wp\/v2\/users\/1"}],"replies":[{"embeddable":true,"href":"http:\/\/www.alia-institut.de\/wordpress\/wp-json\/wp\/v2\/comments?post=56"}],"version-history":[{"count":7,"href":"http:\/\/www.alia-institut.de\/wordpress\/wp-json\/wp\/v2\/pages\/56\/revisions"}],"predecessor-version":[{"id":448,"href":"http:\/\/www.alia-institut.de\/wordpress\/wp-json\/wp\/v2\/pages\/56\/revisions\/448"}],"wp:attachment":[{"href":"http:\/\/www.alia-institut.de\/wordpress\/wp-json\/wp\/v2\/media?parent=56"}],"curies":[{"name":"wp","href":"https:\/\/api.w.org\/{rel}","templated":true}]}}